 183, -y*a = 2*g - 1166. Is g a composite number?
False
Let t = 7251 + 3650. Is t a prime number?
False
Suppose 2*r + 403 = 7*r - 4*q, -8 = 4*q. Is r a prime number?
True
Suppose -5*f + 289 = 2*j, -2*f + 3*j + 57 + 70 = 0. Let h be 1/((-4)/(-3))*(-248)/(-1). Let d = h - f. Is d a prime number?
True
Let k(b) = 463*b - 1. Suppose 2*s = -3*o + 16, 2*o - 5*s - 35 = -3*o. Is k(o) a composite number?
False
Is 524*(-6)/(-4) + -39 + 42 composite?
True
Let j = -1519 - -4458. Is j composite?
False
Suppose -19843 = -2*v + l, -4*l = -6*v + 11*v - 49601. Is v composite?
True
Let k(b) = -25*b - 12. Suppose 0 = -19*s + 14*s - 55. Is k(s) composite?
False
Suppose 26 + 99 = -5*d. Is (-40470)/d - ((-36)/(-20) - 2) a composite number?
False
Let z = 477 - -435. Suppose 3*m + 5*y = 2*y + z, 1485 = 5*m - 2*y. Is m composite?
True
Let n(y) = y**3 + 2*y**2 - 3*y - 3. Let s be n(-2). Suppose -5*w = -7*a + 3*a + 3472, s*a = 5*w + 2609. Is a composite?
False
Let a be (0 + 12/8)*2. Suppose -o - 52 = a*o. Is (o/2)/((-4)/40) a prime number?
False
Suppose -3*i = -2*t + 3*t - 11, -9 = -3*t - i. Let h(s) = 11*s**2 + 3 - t*s + 0*s - 6. Is h(5) a composite number?
True
Let j(s) be the third derivative of -s**6/120 + s**5/60 - 5*s**3/6 + 7*s**2. Is j(-3) composite?
False
Let p be 2376/6*4/6. Suppose 10*l = 7*l + p. Let x = l + -54. Is x a prime number?
False
Suppose 3*n - 33 = g + 3*g, -46 = 3*g + 2*n. Let s(q) = -q**3 - 8*q**2 - 6*q + 29. Is s(g) a prime number?
True
Suppose -1996 = 2*a - 5*o, 2*a + 3*a = -5*o - 5025. Let s = a + 241. Is (s/(-4))/(-3)*-2 composite?
False
Let x(h) = 3*h**2 + 7*h + 5. Let s = 13 - 10. Suppose -s*v + 35 = a - 6*a, -5*a - 35 = 3*v. Is x(a) a prime number?
True
Let u = 6051 - 2344. Is u a prime number?
False
Let h(b) = 486*b - 3. Let a be h(1). Suppose -4*q = 3*j - 1567, 0 = -j - q + 38 + a. Is j prime?
False
Suppose 31*m = 29*m + 3554. Is m prime?
True
Let d(h) = -11*h - 7*h - 12*h - 14 + 5*h. Is d(-7) a composite number?
True
Let g(r) = 3*r**3 - 83*r**2 + 23*r - 42. Is g(33) composite?
True
Is 1/(((-15)/(-5435))/3) composite?
False
Suppose -2241 = -2*h + 2185. Is h composite?
False
Let r be 5 + 0 + (-3)/3. Let s(i) = i - 11. Let n be s(r). Let v(u) = 3*u**2 + u + 5. Is v(n) a prime number?
False
Let p = 8305 - 5204. Suppose 3*v = 4*x + p, 4*v + 296 - 4394 = -2*x. Is v a prime number?
False
Let v = 4834 - 1646. Is v/6*6/4 a prime number?
True
Is 0 - 3 - ((-16)/(-4) - 192866) a prime number?
True
Suppose 3 = 6*j + 15. Is (8/(-24))/(j/(21642 - 0)) a prime number?
True
Suppose 2*g - 39*q + 37*q - 18620 = 0, 4*g + 2*q = 37246. Is g prime?
True
Suppose -4*o + 0*o = i + 14, -i = -2*o - 10. Suppose -4*f + 3*j - 7*j = 1648, i*j - 2074 = 5*f. Let b = f + 823. Is b a composite number?
False
Let d(y) = y**3 + 8*y**2 + 6*y + 9. Let p = -3 + -4. Let t be d(p). Is (-3162)/(-8) - 4/t prime?
False
Suppose -4*o = -6773 - 13931. Let m = o + -2021. Is m a composite number?
True
Let t = -1596 + 2256. Suppose -5*g = 2*m - t - 11601, 2*g + 5*m - 4896 = 0. Is g a composite number?
True
Let a be 3 + 0*4/(-16). Suppose -34 - 41 = -a*x. Is x a prime number?
False
Suppose 4*g = -4*w + 37100, -4*w = 2*g - 6*w - 18558. Is g composite?
False
Suppose -n + 2 = -35. Let a = 5 - -1. Let j = n - a. Is j prime?
True
Let o = -93 + 211. Is o composite?
True
Let i = -2621 + 4858. Is i composite?
False
Let j = -4824 + 16417. Is j prime?
True
Let d(a) = 11*a + 6. Let k(m) be the first derivative of 28*m**2 + 30*m + 3. Let i(x) = 11*d(x) - 2*k(x). Is i(5) a prime number?
False
Let k = -4625 - -23436. Is k a prime number?
False
Is 6 + (-78)/6 - -19356 a prime number?
False
Let a be (-8)/12*-97*-3. Suppose 0 = -3*g + 433 + 506. Let l = g + a. Is l a prime number?
False
Let s(p) = p**2 - 11*p - 3. Let j be s(-10). Suppose -2*b + j = 3*q, -q + 364 = 4*q - 3*b. Suppose -4*u + q = -17. Is u composite?
True
Is (((-12)/2)/6)/(2/(-106378)) a composite number?
False
Suppose -46*f + 71*f - 9550 = 0. Is f composite?
True
Let m(y) = -1514*y + 35. Is m(-19) prime?
False
Let k(m) = -8265*m - 2. Is k(-1) prime?
True
Is (5 - -233)*35 + 1 prime?
False
Suppose -4*r - 635 = -5*o, -3*r + 717 = 4*o + 209. Suppose 2*v - v - o = 0. Is v prime?
True
Let p(x) = x**3 + 7*x**2 - 10*x - 5. Let z be p(-8). Let d = 16 - z. Suppose -3 = -l, d*g - 4*g + 4*l = 223. Is g a composite number?
False
Let h(y) = -681*y**2 + 3*y + 8. Let m be h(-2). Is (5/(-10))/(-1 - 2721/m) a composite number?
False
Let d = -432 - -297. Let s = d - -192. Is s composite?
True
Suppose 4*a - 4264 = -4*y, -2*y + 3*a = -3*y + 1068. Suppose 5*f + x - 2615 = 0, -4*f + 2600 = f + 4*x. Let o = y - f. Is o prime?
True
Let i(a) = 3*a**2 - 6*a + 2. Let o be i(-6). Let b = o + -100. Let p = 33 + b. Is p prime?
True
Let q be (-6)/1*(-30)/45. Suppose -q*r + 5 = -15. Let x(w) = w**3 - 4*w**2 + 6*w - 2. Is x(r) a composite number?
False
Let f(r) = -185*r**2 + 5*r - 1. Let q(o) = 184*o**2 - 4*o. Let i(g) = 5*f(g) + 6*q(g). Is i(-3) composite?
True
Is -2*(24/144 - 152558/12) prime?
False
Let d = 101 + -100. Let m(y) = 2994*y**2 + 3*y - 2. Is m(d) prime?
False
Let k = -3 + 5. Let x(p) = -5*p**3 + 5*p**k - 4*p**2 - 2 - 3*p**2. Is x(-3) prime?
False
Let v(z) = 14*z**2 - 9*z - 17. Is v(-24) composite?
False
Suppose 2*a - 28 + 24 = 0. Is 474*(7/a)/7 composite?
True
Suppose 2*h + 10 = q + q, -5*q = 5*h - 5. Let x(s) = -3 - 2 - 14*s - 22*s. Is x(h) a prime number?
True
Suppose 136 = 3*d - 5*d. Let n = d + 99. Is n a prime number?
True
Let p = 4 + -1. Suppose -3 = -p*m - 0. Is (104 - 8/(-4))*m a composite number?
True
Let y(v) = -v**3 - 5*v**2 - 6*v - 5. Let o be y(-8). Let n = o - 54. Is n a prime number?
True
Suppose 335 = -7*g + 12823. Let k = -931 + g. Is k composite?
False
Let b(q) = 14521*q**2 - 9*q - 11. Is b(-1) prime?
True
Let y = -4806 + 7127. Is y a composite number?
True
Let q = -128 + 130. Is ((-652)/8)/(q/(-20)) a prime number?
False
Let r = 12 + -10. Suppose -14 = -3*y + r*i, 4*y = -0*y + 5*i + 28. Suppose y*n - 75 = 5*j + 14, 2*n - 80 = 2*j. Is n a composite number?
False
Let z(q) = 36823*q**2 + 23*q + 37. Is z(-2) prime?
True
Let w(u) be the third derivative of -75*u**4/8 - 4*u**3/3 + 13*u**2. Is w(-5) a composite number?
False
Let v be 33/44 + (-13467)/(-12). Suppose v = 4*x - 5*h, 4*x - 3*h = -8*h + 1173. Is x prime?
False
Let t = 14 + 251. Suppose x - 5*n = 2*x - 237, 0 = -x + 2*n + t. Is x a composite number?
False
Let v be (-2)/(-6) + (5 - (-14605)/15). Let d = v - -1500. Is d prime?
False
Let y be 69/9 - 5/(-15). Let o(l) = l**2 - 8*l + 2. Let q be o(y). Suppose 5*m = 22 - q. Is m composite?
True
Let l(a) = 32*a**2 + 2*a - 16. Let h be l(-5). Suppose 807 = 3*u - h. Is u a prime number?
False
Suppose -2*a + a + 6 = 0. Let y be a*(-3)/(-9) + 3. Suppose 0*m = y*m - 1055. Is m a prime number?
True
Suppose 4*q + 36*q - 160 = 0. Let d = 1 + -1. Suppose -3*w + 5*o + 1165 = d, -q*o + 600 + 601 = 3*w. Is w composite?
True
Let v be (1 + -1)/(8 + -6). Let j(s) = -3*s**2 + v*s**2 + 5*s**2 - s**2 + 119 + s**3. Is j(0) prime?
False
Let l = 19 - 19. Suppose l = -4*p + 5*i + 1888, 471 = p - 0*i - i. Is p a composite number?
False
Suppose -4*d + 4*t + 544 = 0, 3*d + 2*t + 134 = 4*d. Suppose -5*h + d = 2*o, 4*h + 0*o = 2*o + 96. Is h prime?
False
Let r(i) = i + 4. Let j be r(-4). Suppose 2*l = -4*x - 4, 0 = 4*l - x - 0*x - 10. Suppose t + l*p = 29, 4*t = 3*p - j*p + 72. Is t composite?
True
Let j(p) = p - 1. Let d be j(-1). Let v be d - 2 - (1 + -10). Suppose 2*k = 2*u - 78, 49 + 41 = 2*u - v*k. Is u prime?
False
Suppose -m - 9102 = -5*m + 3*q, 5*m = 5*q + 11375. Let y = m - -2230. Is y prime?
True
Suppose 10*w = 2*t + 5*w + 16, 2*w = t + 6. Suppose 5*q - 96 = -l, 4*q - 81 = t*l - 7*l. Is q prime?
True
Suppose -28*w = -w - 470259. Is w a prime number?
True
Let o = -21 + 25. Suppose -2118 = -o*j + 2*p, 3*p - 5 = 8*p. Is j a composite number?
True
Let o(u) = -177360*u + 59. Is o(-2) composite?
False
Suppose 4*n - 23916 = -4*z, 160*n - z = 155*n + 29907. Is n a prime number?
True
Is (-5163)/((-6)/3 - 5/(-10)) composite?
True
Let t = -12 - -12. Let q(k) = k**2 + k + 293. Let y be q(t). Is (y/(-3))/(3/(-9)) a composite number?
False
Let f be (-7926)/(-21) + 12/(-28) + 0. Suppose f = 4*k - 419. Is k a composite number?
False
Is ((-2)/4*-1597)/(2/20) a composite numbe